
Let u(g) = g**3 - 47*g**2 + 519*g + 25. Calculate u(30).
295
Let d(p) = -3*p**2 + 100*p - 121. What is d(32)?
7
Let v(r) = -5*r - 343. Give v(-54).
-73
Let k(w) = 73*w + 2786. Determine k(-38).
12
Let x(c) = -8*c + 121. Calculate x(11).
33
Let c(z) = 114*z**2 - 4*z + 4. Calculate c(-1).
122
Let d(g) = g**2 - 9*g - 21. Calculate d(-7).
91
Let x(b) = 188*b - 2877. What is x(15)?
-57
Let i(n) = 49*n + 1572. What is i(-32)?
4
Let z(b) = 13*b**2 - 427*b + 2062. Calculate z(27).
10
Let r(c) = 157*c - 2809. Determine r(18).
17
Let a(v) = -32*v + 56. Give a(3).
-40
Let c(f) = -f**3 + 2*f**2 - 19*f + 11. Give c(7).
-367
Let n(b) = 686*b - 17148. Calculate n(25).
2
Let g(n) = -292*n - 856. Give g(-2).
-272
Let p(x) = -363*x - 422. What is p(-1)?
-59
Let o(u) = -u**3 + 9*u**2 + 84*u - 675. Calculate o(7).
11
Let q(x) = -x**2 + 18*x + 42. Calculate q(12).
114
Let r(z) = 375*z - 6768. Determine r(18).
-18
Let y(j) = -j**3 - 28*j**2 - 83*j - 784. Give y(-26).
22
Let v(c) = 551*c + 4970. Determine v(-9).
11
Let i(d) = -23*d**2 - 134*d - 98. What is i(-5)?
-3
Let b(u) = -30*u**3 + 2*u**2 + 24*u - 73. Determine b(3).
-793
Let q(m) = 2*m**3 + 9*m**2 - 7*m + 23. Give q(-7).
-173
Let u(c) = -176*c + 10901. Give u(62).
-11
Let k(d) = -445*d - 7096. Determine k(-16).
24
Let j(g) = -82*g + 10. Determine j(1).
-72
Let g(s) = -3*s**3 + 6*s**2 + 3*s - 23. What is g(7)?
-737
Let y(p) = 12*p**2 + 44*p + 10. Calculate y(-3).
-14
Let t(q) = 2*q**3 + 109*q**2 + 55*q + 35. What is t(-54)?
-19
Let n(l) = -3*l**2 - 45*l + 257. Determine n(4).
29
Let q(h) = -h**3 - 37*h**2 - 324*h - 178. Determine q(-13).
-22
Let b(r) = 2*r**2 + 189*r + 547. Calculate b(-3).
-2
Let h(t) = -15*t - 213. What is h(-14)?
-3
Let i(h) = 5*h**2 + 8*h + 57. Give i(0).
57
Let v(u) = -u**3 + 5*u**2 - 263*u + 1618. Give v(6).
4
Let l(g) = -288*g - 858. Give l(-3).
6
Let h(w) = -22*w + 78. Give h(9).
-120
Let z(d) = d**2 - 26*d - 22. Determine z(21).
-127
Let g(a) = a**2 - 47*a - 2535. What is g(79)?
-7
Let h(t) = -t**2 + 103*t - 404. What is h(99)?
-8
Let a(n) = 2*n**3 - 5*n**2 - 15*n - 17. Determine a(5).
33
Let o(p) = 3*p**2 - 23*p - 130. Calculate o(14).
136
Let o(a) = -a**3 + 13*a**2 + 4*a - 34. Calculate o(12).
158
Let h(z) = 4*z**2 - 35*z - 81. What is h(12)?
75
Let n(w) = -12*w**2 - 776*w + 253. Calculate n(-65).
-7
Let v(u) = -4*u**2 - 63*u + 1152. Determine v(14).
-514
Let b(t) = -2*t**3 - 8*t**2 - 50*t - 371. Determine b(-7).
273
Let w(s) = -6*s**2 + 108*s - 27. Determine w(13).
363
Let j(t) = -36*t - 133. Calculate j(-7).
119
Let m(n) = -4*n**3 + 15*n**2 + 2*n - 16. Calculate m(5).
-131
Let u(q) = -q**2 - 101*q - 1893. Give u(-25).
7
Let t(a) = a**3 - 5*a**2 - 35*a + 233. Give t(5).
58
Let t(z) = 7*z**3 + 6*z**2 - 3*z - 2. Calculate t(1).
8
Let t(b) = -b**3 + 6*b**2 - 17*b + 38. Give t(5).
-22
Let q(z) = 179*z + 901. Calculate q(-5).
6
Let t(i) = -i**3 + 5*i**2 + 27*i - 24. Determine t(8).
0
Let k(z) = -84*z + 694. Give k(8).
22
Let o(b) = 118*b + 563. What is o(-5)?
-27
Let t(i) = i**2 + 140*i + 1173. Calculate t(-9).
-6
Let n(x) = -x**3 - x**2 + 13*x + 18. What is n(4)?
-10
Let q(z) = -53*z + 13. What is q(1)?
-40
Let x(l) = -299*l - 11339. Determine x(-38).
23
Let a(z) = -2*z**2 - 20*z + 2. Determine a(-11).
-20
Let q(b) = 2*b**3 - 37*b**2 + 43*b - 521. Calculate q(18).
-71
Let c(w) = w**3 + 21*w**2 + 2*w - 1. Give c(-4).
263
Let b(x) = 49*x**2 - 193*x + 3. Give b(4).
15
Let y(p) = -3*p**3 + 18*p**2 - 4*p + 21. Give y(6).
-3
Let w(l) = 4*l**3 - 45*l**2 + 23*l - 125. Give w(11).
7
Let u(i) = -107*i + 673. What is u(6)?
31
Let z(p) = 8*p - 220. Determine z(-26).
-428
Let a(p) = -31*p - 2814. What is a(-91)?
7
Let z(o) = -o**3 + 78*o**2 - o + 74. Determine z(78).
-4
Let b(s) = s**2 + 30*s + 179. Calculate b(-22).
3
Let r(m) = 2*m**3 + 30*m**2 - 6*m + 14. Calculate r(-15).
104
Let t(c) = 321*c + 1907. Calculate t(-6).
-19
Let z(l) = 21*l + 133. Determine z(-6).
7
Let t(q) = 404*q + 19799. What is t(-49)?
3
Let g(n) = -56*n - 221. What is g(2)?
-333
Let j(b) = 2*b**2 + 126*b + 1817. Calculate j(-41).
13
Let s(z) = -3220*z + 54746. Calculate s(17).
6
Let c(l) = -l**3 - 8*l**2 + 388*l + 128. Give c(-24).
32
Let z(s) = -3*s**2 - 89*s - 56. Determine z(-30).
-86
Let x(m) = -12*m**2 + 90*m + 282. Give x(-3).
-96
Let t(x) = 15*x**2 + 81*x + 33. Calculate t(-6).
87
Let y(g) = g**3 - 33*g**2 - 28*g - 47. What is y(34)?
157
Let o(g) = -5*g + 373. Determine o(71).
18
Let m(h) = -h**3 + 5*h - 5. What is m(5)?
-105
Let x(c) = 1183*c - 391580. What is x(331)?
-7
Let p(v) = v**2 - 11*v - 271. Determine p(-14).
79
Let s(r) = -15*r**3 + 568*r**2 + 75*r + 121. What is s(38)?
83
Let d(c) = -c + 71. What is d(64)?
7
Let t(p) = -5*p**2 + 21*p + 598. Calculate t(-9).
4
Let w(t) = 95*t**3 + 2*t**2 + 3*t - 4. What is w(1)?
96
Let p(s) = s**2 + 42*s + 370. Determine p(-14).
-22
Let m(f) = -1345*f - 12098. Give m(-9).
7
Let x(z) = -361*z + 806. What is x(2)?
84
Let g(c) = 76*c + 272. Give g(-7).
-260
Let j(l) = 78*l - 676. Give j(8).
-52
Let g(k) = k**3 + 18*k**2 - 605*k - 56. Calculate g(-35).
294
Let s(f) = 17*f - 858. What is s(50)?
-8
Let j(u) = -6*u**2 - 303*u + 54. What is j(-52)?
-414
Let h(q) = -27*q - 108. Give h(-4).
0
Let f(j) = j**3 - 11*j**2 + 10*j + 31. What is f(10)?
31
Let y(u) = 156*u - 1129. Determine y(7).
-37
Let c(j) = 879*j + 888. Calculate c(-1).
9
Let q(r) = -r**3 - 10*r**2 + 89*r + 886. Calculate q(-9).
4
Let m(j) = 3*j**3 - 12*j**2 - 14*j + 26. Give m(7).
369
Let q(k) = -4*k**2 + 41*k - 31. Calculate q(8).
41
Let y(o) = -7*o**2 - 181*o - 519. Calculate y(-23).
-59
Let q(z) = z**2 - 1317*z - 21339. Determine q(-16).
-11
Let b(m) = m**2 - 5166*m + 30954. What is b(6)?
-6
Let b(k) = -k**3 + 13*k**2 - 17*k + 29. Give b(12).
-31
Let a(j) = -33*j + 704. Determine a(20).
44
Let k(g) = -18*g**2 - 511*g - 45. Determine k(-28).
151
Let n(c) = -c**2 + 59*c - 498. Determine n(10).
-8
Let h(d) = 5071*d - 116632. Calculate h(23).
1
Let n(y) = -3*y**2 - 163*y + 637. Determine n(-58).
-1
Let d(f) = f**3 + 31*f**2 + 60*f + 41. Determine d(-29).
-17
Let j(k) = -k**3 + 127*k**2 + 214*k - 11005. Calculate j(128).
3
Let l(y) = 100*y + 81. Determine l(2).
281
Let r(h) = 99*h - 3666. Calculate r(37).
-3
Let q(l) = -l**3 + 19*l**2 + 20*l - 21. Determine q(20).
-21
Let c(z) = 113*z + 624. What is c(-6)?
-54
Let r(v) = -141*v - 1176. Calculate r(-9).
93
Let d(b) = -10*b**2 - 171*b - 17. Calculate d(-17).
0
Let a(x) = 69*x - 31. Calculate a(2).
107
Let b(s) = -s - 66. Give b(-10).
-56
Let s(y) = y**3 - 6*y**2 + 21*y - 34. Give s(7).
162
Let a(v) = 6*v**3 - 2*v**2 + 11*v - 7. Calculate a(1).
8
Let s(y) = -6*y**3 - 361*y**2 - 62*y - 78. Give s(-60).
42
Let t(p) = -p**3 - 7*p**2 + 2*p + 2. Give t(-6).
-46
Let k(c) = 3*c**3 - 21*c**2 - 74*c + 454. What is k(7)?
-64
Let t(b) = 96*b - 2287. What is t(22)?
-175
Let c(p) = 2*p**2 - 35*p - 230. Give c(-5).
-5
Let d(i) = 17*i - 126. Calculate d(-8).
-262
Let l(y) = -y**2 + 27*y - 59. What is l(28)?
-87
Let r(o) = o**2 + 17*o + 36. Give r(-23).
174
Let j(r) = 13*r + 891. What is j(-68)?
7
Let v(p) = -2*p**3 + 51*p**2 + 24*p + 45. What is v(26)?
-7
Let z(u) = -67*u**2 + 40*u - 42. What is z(1)?
-69
Let t(a) = -37*a - 369. Determine t(-10).
1
Let s(j) = -2*j**2 + 3*j + 10. Determine s(-10).
-220
Let g(h) = 11*h**2 + 236*h + 5. Give g(-22).
137
Let t(k) = -9110*k - 9131. What is t(-1)?
-21
Let u(n) = -64*n**2 + 627*n + 127. Determine u(10).
-3
Let d(i) = -25*i**2 + 5*i + 20. What is d(-2)?
-90
Let m(l) = -15*l**3 - 2*l**2 + 4*l - 5. What is m(2)?
-125
Let l(o) = 54*o - 614. What is l(13)?
88
Let t(r) = r**3 + 54*r**2 - 114*r - 181. What is t(-56)?
-69
Let l(v) = -2*v**2 - 22*v + 102. Determine l(-12).
78
Let i(b) = -b**3 - 48*b**2 + 6*b + 265. Give i(-48).
-23
Let i(h) = 114*h - 1677. Give i(15).
33
Let n(p) = -39*p**3 - 2*p**2 + 10. Calculate n(-2).
314
Let v(y) = -62*y - 1969. Calculate v(-32).
15
Let s(o) = -2*o**3 + 22*o**2 - 11*o - 97. Determine s(10).
-7
Let i(s) = 224*s + 448. Calculate i(-2).
0
Let r(b) = b**3 - 32*b**2 + 58*b + 74. What is r(30)?
14
Let n(v) = 91*v + 8215. Calculate n(-90).
25
Let k(y) = y**2 + 152*y + 3060. Give k(-24).
-12
Let o(c) = 1265*c + 999. Calculate o(-1).
-266
Let b(o) = -10*o**2 - 19*o + 32. Determine b(2).
-46
Let r(b) = -b**3 - 13*b**2 - 7*